d v.
17
Let y(j) = -4*j**3 - 4*j**2 - 3*j + 2. Let r be y(-4). Suppose 1094 + r = 13*u. What is the highest common divisor of u and 20?
20
Let m = -246 + 259. Suppose -m*x + 5797 = 4*x. Calculate the greatest common factor of x and 31.
31
Let i = 10296 - 10184. Calculate the greatest common divisor of 2590 and i.
14
Let i = 2856 + -2824. Calculate the greatest common factor of i and 104.
8
Suppose -3*w + 14*n + 243 = 17*n, -3*w + 259 = -n. What is the highest common divisor of w and 272?
17
Let v(w) = 15*w + 40. Let q be v(-3). Let o be 2/q + 1902/30. Suppose -3*i + 2*a + 2*a = -43, 4*i - 99 = -3*a. Calculate the greatest common factor of o and i.
21
Let o(v) = -4*v - 23. Let k be o(-10). Suppose -10*x = -k*x + 21. Let a be 3*2 + ((-6)/x - 1). Calculate the greatest common divisor of 24 and a.
3
Let m(n) = -5 + 37 + 2*n**2 + 29 - 18*n + 3. Let b be m(6). Calculate the highest common factor of b and 140.
28
Suppose o + 31 = 9. Let z be 3*4/((-12)/27). Let r = o - z. What is the greatest common divisor of 35 and r?
5
Suppose -50*m = -124*m + 127280. What is the highest common divisor of m and 100?
20
Let q = -42 - -41. Let m be (0 + q)/((-2)/6). Suppose p + 5*l - 18 = 0, m*p - p - 36 = 4*l. Calculate the highest common divisor of p and 198.
18
Let c(r) = 184*r**2 + 2 - 4 + 0*r + 315*r**2 - 3*r + 103*r**2. Let x be c(-1). What is the highest common factor of x and 9?
9
Let d(m) = -49*m + 51*m + 5 + 4*m**2 - 3*m**2. Let n be d(3). Calculate the greatest common factor of n and 860.
20
Let s = -145 - -125. Let q be 4*(2 - (-5)/s)*16. What is the greatest common divisor of 42 and q?
14
Let o = 13 + 28. Let d = -31 + o. Let v be 4/d - 698/(-5). What is the highest common divisor of 20 and v?
20
Suppose 2*i - 14*d = 7054, -2*d - 8205 = -4*i + 5721. Calculate the greatest common divisor of 94 and i.
94
Let l be 63/15 - 16/80. Suppose -2*b + 8 = 0, b - 148 = -0*a - 4*a. Calculate the highest common factor of l and a.
4
Suppose -2*n + 2*p = 0, -3*n - 3*p + 16 + 8 = 0. Suppose 0 = -3*v + 3*b + 78, b + n*b = -10. Calculate the greatest common factor of 6 and v.
6
Let u(y) = -271*y + 324. Let b be u(0). Calculate the highest common factor of b and 1836.
108
Let u(g) = g. Let x(q) = -7*q - 28. Let m(a) = 5*u(a) - x(a). Let k be m(21). Calculate the highest common divisor of k and 56.
56
Let c be 65032/(-66)*(-5)/(20/12). What is the highest common factor of 16 and c?
4
Let b = 8 - 1. Suppose 0 = 3*h - 52 - 146. Let q = h + -59. What is the highest common factor of q and b?
7
Suppose 5*p - 829 = -2*a + a, -3*p + 3*a = -483. Let u(g) = g**3 + 19*g**2 + 11*g - 111. Let m be u(-18). What is the highest common factor of m and p?
15
Let j(t) = 215*t - 16842. Let v be j(82). Calculate the greatest common divisor of v and 52.
4
Suppose -4*t = -3*o + 18676 + 40666, o = t + 19780. What is the greatest common divisor of 58 and o?
58
Let n be 0 - ((-18)/(-3) - 10). Let j be n/(-5) - 944/(-80). Calculate the greatest common divisor of j and 352.
11
Let r(m) = -383*m**2 + 6*m - m**3 - 7 + 9 + 12 + 383*m**2. Let z be r(-2). Let l = 44 + -29. What is the greatest common factor of z and l?
5
Let u = 2492 + -2423. Calculate the greatest common factor of u and 253.
23
Suppose 0*x = -x + 3. Suppose 2*o - 66 - 4 = 2*t, t = -x. Let f be 94/6 - (-2)/6. Calculate the highest common divisor of f and o.
16
Let y be 10 + (-43 - -26) - (-1 + 1 - 14080). Calculate the highest common divisor of y and 3.
3
Suppose 3*j = u + 62, -3*j - 2*u + 5*u + 66 = 0. Let w be -30*((-272)/j + 2). Let q be -30*(4/(-26) - w/104). Calculate the highest common factor of q and 42.
21
Let t be (-4899)/(-12) - (12/(-16))/(-3). Let x be -2 + t + 4/1. Suppose 8*o = -122 + x. What is the greatest common factor of o and 4?
4
Let q(r) = -r + 2. Let x be q(0). Suppose 2*s - 7 = -1. Let g be 114/12 + s/(-2). Calculate the highest common factor of x and g.
2
Suppose -4*n - 4*n = -3*n - 10250. Calculate the highest common factor of n and 82.
82
Let u(f) = -2*f**2 - 154*f - 149. Let k be u(-76). Calculate the highest common factor of 1713 and k.
3
Let a(z) = -z**2 + z + 8. Let f be a(4). Let v(c) = -2*c**2 - 8*c + 1. Let p be v(f). Let g be (2 - 1*-32)*p. What is the highest common factor of g and 17?
17
Let b be (24/(-15))/(78/(-390)). Calculate the greatest common factor of 3928 and b.
8
Suppose -67236 - 153404 = -40*a. Suppose -19*t + 11451 + a = 0. Calculate the highest common divisor of 47 and t.
47
Suppose 7*t = 236 - 201. Suppose -2*p + 0*l - l = -36, -t*p + 3*l = -90. What is the greatest common factor of 117 and p?
9
Suppose -3011 = 7*h - 3641. Calculate the highest common divisor of h and 1410.
30
Let w(p) = 44*p**2 + 430*p + 7416. Let d be w(-17). Calculate the greatest common divisor of 2 and d.
2
Let r be 1*(-7 + (7 - 0)). Suppose r = 11*j - 1065 - 79. What is the greatest common divisor of 13 and j?
13
Let m(x) = -x**3 + 8*x**2 - 32*x + 265. Let j be m(8). What is the highest common factor of 132 and j?
3
Let y be (-3 + 2)/(488/(-80) - -6). What is the greatest common factor of 88 and y?
2
Let r = 9320 - -7488. Calculate the greatest common factor of r and 22.
22
Suppose -y = -2, -2*y - 2*y = -5*x + 207. Suppose -49 = -x*r + 39*r - q, 64 = 5*r + 4*q. Calculate the greatest common divisor of 396 and r.
12
Let s be (-26)/3744*-18*24. What is the highest common divisor of s and 7674?
3
Let j be 1119/3 + -3 - 1. Let c = 417 - j. Suppose 151 = 5*k - 9. What is the highest common factor of c and k?
16
Let u(a) = 174*a + 2144. Let j be u(-6). What is the greatest common divisor of j and 2860?
220
Let j = 138 - 101. Suppose 8*b - 10*b - f = -47, -2*b + j = -f. Calculate the greatest common divisor of 35 and b.
7
Suppose -2*c - 106 = -3*c. Suppose 34106 - 10150 = 452*p. Calculate the highest common factor of p and c.
53
Let h(r) = -4. Let c(m) = -8*m + 74. Let s(d) = 4*c(d) + 72*h(d). Let b be s(4). Let n = 142 + b. Calculate the greatest common factor of 99 and n.
11
Let i be -9*((-4)/8 - 2/(-12)). Suppose -5*o + 615 = 5*v, -2*v + 252 = 2*o + i*o. Let y = -91 + 102. What is the greatest common factor of y and v?
11
Let i = -836 + 500. Let h = 348 + i. Calculate the greatest common divisor of h and 258.
6
Let g(y) = 193*y + 12. Let r be g(3). Suppose 291 = 2*v - 0*o - 5*o, 4*v - r = o. Calculate the highest common divisor of 37 and v.
37
Let i = -28 - -33. Suppose 46*r - 50*r + 4*n = -1564, 20 = -i*n. Calculate the highest common factor of 43 and r.
43
Let b(v) = v**2 + 3*v + 1. Let n = 9 + 0. Suppose 8 = -n*s - 28. Let w be b(s). What is the greatest common divisor of w and 2?
1
Suppose -4*p - 15*c + 19*c = -312, 3*p - 170 = -5*c. Let q(h) = 9*h + 1. Let y be q(3). What is the greatest common factor of p and y?
14
Suppose 17*u + 5*u = -5*u + 2727. What is the greatest common factor of 909 and u?
101
Suppose 643934 = -18*p + 130*p + 61198. What is the greatest common divisor of 242 and p?
121
Let s = -2904 + 2932. What is the greatest common divisor of 17500 and s?
28
Let v be -2 + (-9)/(-5) + 110446/230. Calculate the highest common factor of v and 528.
48
Let c be 4/32 - (-239)/8. Let d(u) = -2*u + 11. Let w be d(14). Let z = c + w. What is the highest common factor of 13 and z?
13
Suppose w + k - 62 = 0, -3*k - 77 = -w - 7. Let h be (-52)/(-12) + ((-2)/6)/(6/6). What is the highest common divisor of h and w?
4
Let r be (522/(-30))/(3/(-135)). Suppose -4*f + r - 55 = 0. Let q be (-3 - -1)/((-7)/f). Calculate the greatest common factor of 26 and q.
26
Let w be 48360/168 + 7/49. What is the highest common divisor of w and 456?
24
Let h = -15 - -124. Let d = h + 37. Suppose -3*m + 67 = w, -m - d = -5*w + 109. Calculate the greatest common factor of w and 13.
13
Let m = -443 - -445. Suppose 4*g - 270 = -3*a, -m*a - g = -5*g - 160. What is the highest common factor of a and 473?
43
Let o = -16 - -49. Suppose -9*t - 12 = -624. Suppose t*c = 60*c + 528. Calculate the highest common divisor of o and c.
33
Let p = -2888 + 2903. What is the greatest common factor of 10 and p?
5
Let x = 4936 - 4933. What is the greatest common divisor of 9 and x?
3
Let r(t) = t**3 + 73*t**2 + 414*t + 1101. Let o be r(-67). Suppose 3*m + a - 28 = 0, -4*m + 3*a + 45 + 14 = 0. Calculate the greatest common divisor of m and o.
11
Let h = -